p = -77*p + 66. What is the highest common divisor of 2 and p?
2
Suppose 9*f + 4*f - 2795 = 0. Calculate the highest common factor of f and 43.
43
Let m be 268/9 - (1860/135 + -14). Calculate the greatest common divisor of 110 and m.
10
Let l be -1*1/(1/(-4)). Let y(n) = n**3 - 2*n**2 + 1. Let r be y(l). Suppose -303*q + 308*q = 55. What is the greatest common divisor of r and q?
11
Let b(u) = -u**3 - 10*u**2 - 4*u + 2. Suppose x + 30 = -2*x. Let q be b(x). Let a(w) = 11*w + 6. Let o be a(9). Calculate the highest common factor of o and q.
21
Suppose p - 982 = -m, -m = 3*m. Suppose 0 = 2*w + 4*c + 486, p = -w - 3*w + 2*c. Let o = w - -385. What is the greatest common divisor of o and 20?
20
Let p be ((-8)/(-6))/(18/(-27)) + 6. Let k(z) = -z**3 + 4*z**2 - z - 3. Let t be k(3). Suppose 0 = -t*q + 5 + 1. What is the highest common divisor of p and q?
2
Let o(m) = 2*m**2 + 9*m - 18. Let f(p) = -p**2 - 4*p + 9. Let a(s) = -5*f(s) - 2*o(s). Let d be a(7). What is the greatest common factor of d and 27?
27
Suppose -y = 7*y - 3456. Suppose -10*r + y = -2*r. What is the highest common divisor of 162 and r?
54
Suppose -2*c - 223 = -5*p, 168 = 4*p + 2*c - c. Calculate the highest common divisor of 301 and p.
43
Suppose 18*s = s + 867. Let j = -62 + 28. Let d = s + j. Calculate the greatest common divisor of d and 85.
17
Suppose 4*k = z - 44, z = 13*k - 14*k + 24. Calculate the highest common factor of z and 14.
14
Let d = -20 + 23. Suppose 168 = d*m + l, 0 = 3*m - 6*l + 5*l - 168. What is the highest common factor of m and 14?
14
Let t = 46 - 41. Let z(a) = 6*a**2 - 7*a - 4. Let h be z(t). What is the greatest common factor of 37 and h?
37
Suppose 3*d - 4*w = 61, -5*d + 117 = -0*d + w. Calculate the greatest common factor of d and 23.
23
Let x be (-12)/8*((-28)/6 - 0). Suppose i - 5*i + 74 = -3*h, 0 = -2*h - 4. Suppose -i - 67 = -3*f. What is the greatest common divisor of x and f?
7
Let a(g) = 2*g - 9. Let n be a(7). Suppose 0 = n*t, 4*h + t = -4*t - 20. Let o = 135 - h. What is the highest common divisor of 20 and o?
20
Suppose 14*t - 213 - 347 = 0. Suppose -6 = -3*p, -2*x - 3*p = 3*x - 86. Calculate the greatest common factor of t and x.
8
Let j be 56/(-280) - 4122/(-10). What is the highest common divisor of 721 and j?
103
Let a(k) = k**2 - k - 1. Let j(r) = -107*r**2 - 1. Let w(v) = 2*a(v) - j(v). Let o be w(-1). Calculate the highest common divisor of 10 and o.
10
Let w(g) = 2*g**3 + 9*g**2 - 22*g - 4. Let q be w(-6). What is the highest common divisor of q and 6?
2
Let y = -18 - -43. Suppose 5*v - y = 0, -2*a - a + 8 = -5*v. Suppose 0 = -m - i + 55, -m + 4*i + 55 = -i. Calculate the greatest common factor of m and a.
11
Suppose 5*l + 22 = 3*g - 14, -g + 4*l + 12 = 0. What is the greatest common factor of g and 96?
12
Let i(y) = 2*y**2 - 3*y - 61. Let d be i(7). What is the greatest common factor of 512 and d?
16
Let a = -33 - -33. Suppose -x - 2*x + 60 = a. Suppose 743 - 43 = 5*h. What is the highest common factor of x and h?
20
Suppose 5*l - 9 = -q + 12, 0 = -4*q - l - 11. Let o be 2/q - 9/(-6). What is the highest common factor of 7 and o?
1
Let m(q) = 16*q**2 + 15*q + 24. Let u be m(-2). Calculate the greatest common factor of u and 290.
58
Suppose 0 = 31*b - 35*b - m + 13, m - 7 = -b. Calculate the greatest common divisor of 18 and b.
2
Suppose 4*f - 4*x = 16, -3*f + 3*x + 12 = 2*f. Let w be f + 243/12 - (-6)/(-24). Calculate the greatest common divisor of w and 180.
20
Let v be 20/(-8)*11*(-72)/30. Calculate the greatest common factor of v and 18.
6
Suppose -2*l + 34 = -44. Let a = 1033 - 994. Calculate the greatest common divisor of l and a.
39
Let v(c) = -c + 26. Let i be v(23). Suppose -g = n - 1, 4*g - 4*n - 4 = -i*n. What is the highest common factor of g and 2?
1
Let k(p) = -2*p**3 + 14*p**2 - 7*p + 22. Let j be k(4). Calculate the greatest common divisor of 630 and j.
90
Suppose 8 + 16 = -2*h. Let c be (-26)/h - 2 - 3166/(-12). Let t be (-12)/(-2 + 6/4). Calculate the greatest common divisor of c and t.
24
Suppose -11*g + 14*g - 160 = -2*d, d + 1 = 0. What is the highest common divisor of g and 12?
6
Let d(l) = -l - 3. Let f be d(-11). Let a = 43 + -23. Calculate the highest common factor of a and f.
4
Let d(z) = 5*z**2 + 2*z + 13. Let s be d(-5). What is the highest common factor of s and 40?
8
Let b(d) = d - 1. Let x be b(6). Let y be (16/3)/2*(-12)/(-16). Suppose -y*n - 12 = -x*n. What is the greatest common factor of n and 6?
2
Let c(u) = -9*u - 131. Let m be c(-15). What is the greatest common factor of 4 and m?
4
Let t = 45 - 43. Suppose t*x - 57 = -4*j - 23, -2*x - 1 = -3*j. What is the greatest common factor of 28 and x?
7
Let w = 86 - 15. Let t = -191 + w. Let o = -1 - t. What is the greatest common divisor of 17 and o?
17
Let y(q) = q**3 - 12*q**2 + 43*q - 86. Let h be y(8). Suppose u + 17 = 4*i, 3*u + 0*u - 5*i + 16 = 0. What is the greatest common factor of h and u?
1
Let h be (-8)/(-52) + 3490/130. Calculate the greatest common divisor of 513 and h.
27
Let t(q) = 15*q - 108. Let r be t(11). What is the highest common divisor of 19 and r?
19
Let s be (3 - (-2 + 2))/(6/38). Let a(v) = -v + 5. Let u be a(12). Let i = 12 - u. What is the greatest common divisor of s and i?
19
Let a(s) = s**3 + 3*s**2 - 2*s + 4. Let r be a(-3). Let g be (-68)/(-102) - 268/(-3). What is the greatest common divisor of g and r?
10
Let s(y) = -112*y**3 - y**2 + 1. Let w be s(-1). What is the highest common factor of 28 and w?
28
Let v(o) = 30*o**2 + 48*o - 202. Let j be v(4). What is the greatest common divisor of 20 and j?
10
Let q = 696 - 475. What is the greatest common divisor of q and 34?
17
Let d(z) = 5 + 2*z - 15 + 8 - 3*z + 19*z**2. Let v be d(-1). Calculate the highest common factor of 108 and v.
18
Let l(g) = -2*g**2 - 34*g + 94. Let a be l(-13). What is the highest common factor of a and 162?
18
Suppose 5*l + 3 = 13. Suppose l*a = -a + 1356. Suppose -4*s = 4*m - a, -6 = -m - m. Calculate the greatest common factor of s and 10.
10
Suppose 0 = 62*u - 31*u - 31. Calculate the greatest common divisor of u and 3.
1
Suppose 3*p = -5*u - 445, -2*u - 2*u - 20 = 0. Let d be 1 - (p - -2) - -4. Let f = 0 + 13. What is the highest common factor of d and f?
13
Let a(x) = 3 - 3*x**2 + 0*x**2 - 4 - x**3 - 5*x. Let z = 706 + -708. Let n be a(z). What is the highest common divisor of 15 and n?
5
Suppose 18*t - 310 = 284. What is the greatest common factor of 22 and t?
11
Let j(l) = 3*l**3 + l**2 - 6*l + 8. Let g be j(4). Suppose g = 6*p - 0*p. Let c = 26 + -18. Calculate the greatest common factor of c and p.
8
Let b = 45 - 69. Let m be ((-10)/(-8))/((-6)/b). Suppose 0*c = -4*k + 4*c + 144, m*c - 171 = -4*k. Calculate the highest common factor of k and 26.
13
Let b be 21/35 + 344/10. Suppose 5*h - b = -3*r + 48, h - 5*r = 11. Suppose 0 = 3*f - h - 20. Calculate the highest common factor of f and 60.
12
Suppose 0*p + 4*o = -p + 260, -p - 2*o = -266. What is the greatest common divisor of p and 17?
17
Let q(b) be the second derivative of b**3/6 - 5*b**2/2 + 2*b. Let d be q(6). Suppose -35*x + 60 = -5*x. Calculate the greatest common divisor of x and d.
1
Let j = 85 + -84. Let b be -1*(0 - 138/3). Suppose j = -5*s + b. Calculate the greatest common divisor of 27 and s.
9
Suppose -37 = 14*m - 177. Let j(t) = 11*t**3 + 2. Let d be j(2). What is the greatest common divisor of m and d?
10
Suppose -20*m + 844 = -416. What is the highest common factor of 54 and m?
9
Suppose 3*o = -4*w + 86, 2*w - w + 151 = 5*o. Let j(l) = 25*l**3 - 3*l - 3 - 56*l**3 + 32*l**3. Let g be j(3). What is the greatest common factor of g and o?
15
Suppose 16*t = -5*t + 1029. Calculate the highest common divisor of t and 14.
7
Suppose s - 475 = -2*s - 5*j, j = -2*s + 319. Calculate the highest common divisor of 100 and s.
20
Suppose -3*h + 5 + 2 = 2*x, 5*h = 2*x + 1. Suppose -3*v + 3*r = -30, v - 4*r + 2 - 21 = 0. What is the greatest common divisor of v and h?
1
Let w(r) = 2*r**3 - r**2 + 4*r - 1. Let h be w(3). Let d be (-132)/15*(1 + 9). Let x be d/(-6) + 6*(-2)/18. What is the highest common factor of x and h?
14
Let t be (24/(-10))/((-3)/15). Let g(r) = r**3 - 5*r**2 - 5*r - 3. Let d be g(5). Let h = -10 - d. Calculate the greatest common divisor of h and t.
6
Let y = -48 + 56.